me factors of u?
71
Let y = 48362 + -27960. List the prime factors of y.
2, 101
Let c(i) = 19*i - 51. Let d be c(16). Suppose -5*h = o - 73, 3*o + h - 3*h = d. What are the prime factors of o?
83
Let h(d) = -2*d - 4846 + 4*d + 4857. Suppose 4*o - 3*l - l = -4, -2*o - 4*l - 20 = 0. List the prime factors of h(o).
3
What are the prime factors of (3902 - -91)*(-2)/(-3)*1?
2, 11
Let c(n) = 71*n + 10. Let p be c(1). Suppose 1254 + p = 3*a. List the prime factors of a.
5, 89
Let i(r) = 5*r**2 + 71*r + 415. List the prime factors of i(-32).
13, 251
Let k be 1 + 5 - 11 - -7. Suppose k*c - 368 + 2157 = l, 2*c - 8 = 0. What are the prime factors of l?
3, 599
Let h be (-21)/(-3) - 18/6. Suppose -7 = -5*g + u + h, g + u - 7 = 0. Suppose g*b + 165 = 6*b. What are the prime factors of b?
5, 11
Let q = 79832 - 15487. What are the prime factors of q?
5, 17, 757
Let n be 897/26*(-1086)/(-9). Suppose 1337 = 20*h - n. List the prime factors of h.
5, 11
List the prime factors of 1053950/250 - 8/10.
3, 5, 281
Let l(q) = 23*q - 6 - 3*q**3 + 2 + 2*q**3 + 9*q**2. Let j = -529 - -540. List the prime factors of l(j).
7
Let n(l) = -228*l + 3434. List the prime factors of n(-82).
2, 5, 2213
What are the prime factors of (-68)/408 + 505166/12 + -1?
2, 3, 877
Let n(f) = -2*f**3 - 55*f**2 - 185*f + 27. List the prime factors of n(-26).
53
Let y(v) be the third derivative of v**6/60 - 31*v**5/60 - 3*v**4/8 - 31*v**3/6 + v**2 + v. What are the prime factors of y(17)?
683
Suppose -m + r = 3*m + 11, -2*r = -3*m - 12. Suppose 9 = -4*v + 129. List the prime factors of (-168)/v*1*5*m.
2, 7
Let s(z) = 20*z + 20. Let p be s(-1). Suppose -6152 = -5*a + 2*d, -21*a + 20*a - 4*d + 1226 = p. List the prime factors of a.
2, 3, 5, 41
Suppose 2*a = -0 + 20. Let z(t) = 60 - 2*t - 5*t + a*t. What are the prime factors of z(-19)?
3
Let k = 17757 - 16367. List the prime factors of k.
2, 5, 139
Let p(u) = 3*u - 39. Let l be p(13). Let k be 4 + (4 - -59) - l. Let n = k + 87. List the prime factors of n.
2, 7, 11
Suppose 0 = 3*a + 13*a - 512. List the prime factors of 16239/8 + 4/a.
2, 5, 7, 29
Let a(q) = -8*q**2 + 7*q**3 + 3*q - 9*q**3 + 6*q**3 + 0*q - 22. List the prime factors of a(6).
2, 11, 13
List the prime factors of 39321/102*(0 - -4)/(-2)*-5.
3, 5, 257
Suppose 0 = 2*d + 31 - 55. Let g be (-170)/8 + d/(-16). Let m(j) = j**3 + 22*j**2 - 11*j - 21. List the prime factors of m(g).
13, 17
Let z(j) = j**2 - 4*j - 22. Let u be z(8). Suppose u*n = 18*n - 2096. List the prime factors of n.
2, 131
Let x be 3 - ((-412)/(-4) - -1). Let w = -101 - x. Suppose -2*y + 508 = -w*y. List the prime factors of y.
2, 127
Let o be 6*(1 - (-2301)/6). Suppose -2*t - o = -3*s, s - 775 = -4*t - 6. What are the prime factors of s?
769
Let x(w) be the second derivative of w**6/40 - w**5/24 - 5*w**4/24 - 6*w**3 + 9*w. Let g(n) be the second derivative of x(n). List the prime factors of g(-1).
3
Let l(w) be the third derivative of -7*w**4/24 - 5*w**3 - 14*w**2. Let q be l(-9). Let j = q - -18. List the prime factors of j.
3, 17
Let h(r) = -14*r + r**3 - 5 + 6 - 3*r + 6*r**2 - 14. Let p be h(-7). Suppose p*f - 52*f = 720. List the prime factors of f.
2, 3
Suppose 2*o - 9470 = 3*w, 54*o + 5*w + 4721 = 55*o. List the prime factors of o.
11, 431
What are the prime factors of (-224673)/(-15) + (5/(-25) - 0)?
2, 7489
Let v = -211 + 213. Suppose -2*a = -g - g + 10, -5*a = 10. Suppose 5*c = 2*k - 212, v*k = g*c - 0*c + 212. What are the prime factors of k?
2, 53
Let o be 14/91 + 8/(-52). Suppose o = -4*p + 21 + 11. Suppose -p*v = -10*v + 274. List the prime factors of v.
137
List the prime factors of 134266/11 + 4/((-24)/30).
3, 7, 83
Let c(n) = -5*n**3 - 58*n**2 - 222*n - 82. What are the prime factors of c(-22)?
2, 3, 5, 37
Suppose 28 = 4*a - 68. Suppose 0 = -y - 4*y + 2*k + 12, 2*k - a = -4*y. List the prime factors of (-840)/(-5) + y/(-2).
2, 83
Let c be 8/(-6)*63/(-14)*1. Let l be (-1)/((-2)/c*-3). What are the prime factors of (39/4)/(l/(-12)) - 1?
2, 29
Let j(g) be the third derivative of g**5/20 - 2*g**4/3 + 13*g**3/2 + 40*g**2 - g. What are the prime factors of j(-9)?
2, 3, 71
Suppose -3*b + 43 = 5*i, 0*i = 4*b + 2*i - 76. List the prime factors of 7/b*24*(-549)/(-4).
2, 3, 61
Let w(u) = 327*u - 91. What are the prime factors of w(24)?
7757
Let n(g) = -g**3 + 17*g**2 + 49*g + 37. Let x be (-8)/(-6) - (-954)/54. List the prime factors of n(x).
2, 3, 41
Let o = 2821 + 12861. What are the prime factors of o?
2, 7841
List the prime factors of 178088/16 + 11/(-66)*3.
2, 3, 5, 7, 53
Let v(z) = z**3 + 53*z**2 - 91*z + 288. What are the prime factors of v(-54)?
2, 3, 127
Let j(h) = h**3 - 2*h + 2. Let y be j(0). Suppose -y*m = 3*a + a - 44, -4*a = 4. List the prime factors of (575/(-4))/(-1) + (-18)/m.
11, 13
Suppose 3*z = 2*w + 26415, 48*w = -4*z + 51*w + 35219. List the prime factors of z.
8807
Suppose 5*p + 40 + 150 = 0. List the prime factors of (3/2)/3 + (-1235)/p.
3, 11
Let x(n) = -20*n**2 - 15*n + 17. Let p be x(19). List the prime factors of p/(-44) + 2/(-11).
2, 5, 17
Suppose -134*q + 141*q = -7007. Let c = q + 2113. List the prime factors of c.
2, 139
Let z(o) = 382*o**2 + 10*o - 5. List the prime factors of z(4).
3, 683
Let d = 30 - 2. Let p = 222 - d. Suppose 0*y - 2*y = -p. What are the prime factors of y?
97
Suppose -5*l - 37086 = -4*r + 1652, 2*l = 2*r - 19368. List the prime factors of r.
2, 47, 103
What are the prime factors of (-18)/60 - (-7)/(-140)*-116006?
2, 5, 29
Let m be ((-15)/(-4))/(78/104) + -2. Suppose -2752 = -4*v + 4*r, 3432 = 5*v - m*r - 0*r. List the prime factors of v.
2, 3, 19
Suppose 5*o - 716 + 716 = 0. Let p(b) = b**3 - 2*b**2 - 15*b + 1277. List the prime factors of p(o).
1277
Suppose 2*h = -h + 648. Let d(r) = 9*r**3 + 11*r**2 - 17*r + 6. Let g be d(2). Let n = h - g. What are the prime factors of n?
2
Let a be 1676/(-3)*(-3 + (-9)/(-6)). Let v be 0 + a - 20/5. Let t = -548 + v. What are the prime factors of t?
2, 11, 13
Let b(q) be the first derivative of -13*q**4/4 - 26*q**3/3 + 7*q**2/2 + 6*q + 15. List the prime factors of b(-5).
2, 11, 43
Suppose 0 = -g - 3*u - 1, -2*u + 7 = -4*g + 3. Let d be (-1)/3*(-4 - g). List the prime factors of (-2 + 0)*d - -29.
3
Let n be (-4875)/(-26) + (-2)/4. Let f = 397 - n. Suppose 42 = -6*o + f. List the prime factors of o.
2, 7
Let f(c) = -6*c - 26. Let p be f(-4). What are the prime factors of (-75)/p*(-900)/(-125)?
2, 3, 5
Let t(f) = -2*f**2 + 36*f - 32. Let n be t(17). Suppose -c = -n*u + 2578, -6444 = -16*u + 11*u + 2*c. What are the prime factors of u?
2, 7, 23
Let n be 4/(6/(-4) + 2). List the prime factors of n + 3/(18/(-12)).
2, 3
Suppose 3*r = -2*r + r. Let j be 3 - r - (3 - (-12)/(-3)). Suppose -80 = j*s - 5*s. What are the prime factors of s?
2, 5
List the prime factors of ((-70)/(-49) - -4)/((-33)/(-140217)).
2, 19, 607
Let i(x) = x**2 - 20*x + 24. Let y = -8 - -23. Let o be i(y). Let j = 63 + o. What are the prime factors of j?
2, 3
What are the prime factors of (1 - -855)*(-4410)/(-180)?
2, 7, 107
Suppose -s + 4*s = 2*v - 43, v + s = 19. Suppose -5*q = -v, -2*q + 1776 + 608 = 2*g. What are the prime factors of g?
2, 3, 11
Let x = -24312 + 57640. What are the prime factors of x?
2, 2083
Suppose -5*u - 160 = 4*x, 3*u = 2*x + x + 147. Let l be 10402/10 + 9/x. Suppose 21*k = 29*k - l. What are the prime factors of k?
2, 5, 13
Let j(p) = 3*p**3 - p**2 - 8*p + 9. Let w be j(1). Suppose w*u = 2400 + 1419. List the prime factors of u.
19, 67
Let p be 22/8 + (-2)/(-8). Let d(k) = 9 - k - 2*k**p - 5*k + 6*k + 8*k**2 + k. What are the prime factors of d(4)?
13
Let s be (-26)/78 - 10258/(-3). Let t = s - 2055. What are the prime factors of t?
2, 11, 31
Suppose 2*p = -5*k - 996, p = -3*p - 2*k - 2024. Let m = p + 855. Let i = m - 246. What are the prime factors of i?
101
Suppose 52542 = 4*h - 5*b, -4*h = -2*b - 40806 - 11754. What are the prime factors of h?
3, 13, 337
Suppose 5*x - s + 12 = 26, 5*x - 5*s - 30 = 0. Suppose -x*k + 111 + 2300 = 5*y, -2*k = -2*y - 2432. List the prime factors of k.
1213
Let i = 14 - -351. Suppose 2*r - 2*b - 706 = 0, 0*r - r = -5*b - i. List the prime factors of r.
2, 5, 7
Let l(h) be the second derivative of -7/2*h**2 + 18*h + 1/20*h**5 - 3*h**3 + h**4 + 0. What are the prime factors of l(-13)?
2, 29
Suppose 2*g =